 = l**3 - 9*l**2 - 28*l + 23. Let u be w(12). Suppose u*s + 27726 = 125*s. Is s a prime number?
True
Let k(l) = 1476*l**3 + l**2 + 38*l - 37. Is k(8) a composite number?
False
Let t(d) = -d**3 - d**2 - 2*d + 5. Let a be t(0). Suppose a*y = 10*y - 6220. Let z = y + -175. Is z composite?
False
Suppose 2*h = -5*l - 10, -2*l - h = -l - 1. Let i be (-4)/l*(-2)/(-1). Suppose 0 = i*n - 148 - 210. Is n composite?
False
Suppose 0 = -22*g - 5*g + 5*g + 10836122. Is g a prime number?
True
Let z be ((-25)/(250/124))/((-4)/10). Suppose -z*j + 19*j = -6792. Is j a composite number?
True
Suppose -380 - 16 = 4*n. Let t = n + 139. Suppose -3*b = -5*u - 123, -3*b = -4*b + 2*u + t. Is b composite?
True
Suppose -212 = -4*m + 3*f, -2*m - 4*f = m - 159. Suppose -3*b + 32 = -2*z, 103*b - 37 = 100*b + z. Let v = b + m. Is v composite?
False
Suppose -o - 3*s = -1403801, -2*o = -s - 2808047 + 431. Is o a composite number?
False
Suppose 36*c + 542882 = 40*c - d, -4*d + 542852 = 4*c. Is c a prime number?
True
Suppose -147*s - 51*s + 27686816 + 12861802 = 0. Is s a composite number?
False
Let h = 84 + -84. Suppose h = 7*o + 98 - 9625. Is o composite?
False
Let o be (18*1)/(-8*(-1)/1036). Suppose -2*r + 9787 + o = 0. Is r prime?
False
Let c(d) be the second derivative of -3*d**5/20 + d**4 + d**3/3 + 21*d**2/2 + 18*d. Is c(-14) a composite number?
True
Let z(r) be the third derivative of 3119*r**5/12 - r**4/4 - r**3 - 202*r**2. Is z(-1) a composite number?
True
Let m(p) = -143538*p + 1965. Is m(-6) a prime number?
False
Suppose -172*d - 695 = -173*d. Let q = 1170 - d. Let t = -334 + q. Is t composite?
True
Suppose -132*m + 20653028 = 5785472. Is m composite?
True
Suppose 5*y - 2*b = 356107, 2*b = 2*y - 0*y - 142438. Is y a prime number?
False
Let u be (546 + (-12)/3)*27/(-2). Let n be u/18*(3 - 1). Let g = n - -1259. Is g prime?
False
Let d = -311079 + 576976. Is d a composite number?
True
Suppose 340 = 24*p - 140. Suppose -1146 = -w + x - 0*x, 4*x = p. Is w a prime number?
True
Suppose -132 = 4*i - 8*i. Let z = i + -39. Is ((-5541)/z)/(2/4) prime?
True
Is (974802/(-18))/(-2 + 4 + (-7)/3) prime?
False
Suppose 0 = -99*g + 15850093 + 25666250. Is g a composite number?
True
Is (-284570697)/(-1242) - 3/(-54) a prime number?
True
Let h = -4988 - -10934. Suppose 3*t - h = 6303. Is t a composite number?
True
Let c(l) = -l**2 + 15*l + 7. Let u(x) = -2*x**2 + 16*x + 8. Let r(f) = 4*c(f) - 3*u(f). Let g be r(-6). Is (-877)/((-3)/(2 - 3) - g) prime?
True
Is 28433704/736 - 1/(-4) a composite number?
True
Let y(x) = -10*x**3 - 9*x**2 - 12*x - 12. Suppose 2*s = -4*o + 4, -2*s = -6*o + 2*o + 36. Let c be y(s). Suppose 8*n = 4*n + c. Is n a composite number?
True
Let h(r) = -491*r + 149. Let s(g) = 491*g - 153. Let c(k) = -2*h(k) - 3*s(k). Is c(-24) composite?
True
Let a be 6/(-1 - ((-15363)/5118 - -2)). Suppose 152*i = 148*i + a. Is i a composite number?
False
Suppose 573 = 4*n - 3*u - 53, -610 = -4*n - 5*u. Let m(k) = -48*k + 9 - 2 + 29*k - n*k. Is m(-11) a prime number?
False
Let n = 2171369 - 1351302. Is n prime?
True
Suppose -2*y + 1990 = -818. Suppose -y = 3*g - 7*g. Suppose 4*m - g = -23. Is m a prime number?
False
Let z(d) = 36*d**2 - 76*d + 571. Is z(-40) composite?
False
Let g be 2*(-3)/12*0/(-2). Let v be ((-2)/((-8)/6))/(-3)*g. Suppose p - 133 - 493 = v. Is p a prime number?
False
Let o(f) = -123*f**3 + 12*f**2 + f + 7. Let u be o(-5). Let a = -10240 + u. Suppose 8*k - 11787 = a. Is k prime?
True
Let a(g) = -289*g**3 + 9*g**2 + 146*g - 27. Is a(-10) a composite number?
False
Suppose 3*q - 199791 = 546456. Is q a prime number?
True
Let h be 9/27 - (-6)/9*7. Suppose 25 = -h*g, -7*r - 3*g = -2*r - 1450. Is r a composite number?
False
Let m(n) = -n**3 + 30*n**2 + 2*n + 137. Suppose -50 = -11*f + 214. Is m(f) a prime number?
False
Let s(v) = 1059*v**2 + 47*v - 1843. Is s(22) a composite number?
True
Is 296326 + 0 + (-16)/112*63 a prime number?
False
Suppose 1003*p - 896*p = 28435357. Is p prime?
False
Suppose 16*b + 151*b = 14009129. Is b a composite number?
True
Let i(x) be the second derivative of 337*x**4/12 - x**3/6 - 3*x**2/2 + 2359*x + 2. Suppose -3*r = 2*p + 16, 0 = 2*r - 4*r + 5*p + 21. Is i(r) prime?
False
Let i(b) be the second derivative of -243*b**5/20 - b**4/4 - 2*b**3/3 + b**2 - 13*b. Is i(-2) prime?
False
Let i(a) = -14 + 2*a - 21 + 27. Let n be i(6). Is (1 + -2)*-377 - n a prime number?
True
Let c(g) = -3*g**3 - 12*g**2 - 15*g - 33. Let h be c(-12). Let p = h + -1654. Is p a prime number?
True
Let o(j) = -9*j**3 + 83*j**2 + 136*j - 146. Let a(p) = p**3 - 9*p**2 - 15*p + 16. Let d(t) = 19*a(t) + 2*o(t). Suppose i + 3 = 10. Is d(i) a composite number?
False
Suppose f + 5 = 4*p, 4*f + 6*p - 9*p = -7. Is f/(-6) - (-1239220)/120 a prime number?
False
Let s(x) = 114*x - 419. Is s(82) a prime number?
True
Suppose -189885 = -17*i + 198327. Suppose 0 = -3*r - 4*f + 22841, 7*r - 4*r + 3*f - i = 0. Is r a composite number?
False
Let z(f) = 104*f**2 - 27*f + 523. Is z(-30) a prime number?
True
Let c be (4 - 4) + (9 - 4). Suppose -2*n = -c*g + 21637, -5*g + n + 7510 + 14126 = 0. Is g prime?
True
Suppose -847*s + 853*s - 270 = 0. Suppose -s*t + 920788 = -661367. Is t prime?
True
Let d = 2941521 - 1292824. Is d composite?
False
Is (-18 + 78/6)*25639/(-5) a prime number?
True
Suppose -14*f + 698574 = -227162. Let o = f + -41927. Is o prime?
True
Suppose 4*q - 2*k = 1096950, 4*q = 36*k - 32*k + 1096952. Is q a composite number?
False
Is ((-26)/12 + 32/64)*-63003 composite?
True
Suppose 4641589 = 4*l + 3*d, 3*l - 45*d = -42*d + 3481218. Is l a prime number?
False
Let z(f) = 41*f**2 + 2*f - 6. Let t = -43 - -38. Let m be z(t). Suppose 5*q - m = q - 5*w, -752 = -3*q + w. Is q composite?
False
Suppose -9*i + 311497 = 29*i - 308245. Is i prime?
False
Suppose 3*k - 57 = 3*n - 9, 4*k + 16 = 0. Is n/5*(-2554)/8 prime?
True
Suppose 0*s - 2*s - 3*d = 9, -d - 11 = -2*s. Suppose 0 = -2*v + 5*k + 1759, s*v + k - 3040 = -427. Suppose -7*p = p - v. Is p prime?
True
Is (25561620/8)/15 - 15/30 prime?
False
Let f be ((-16)/(-4) - -6)*(-3)/(-6). Suppose -n + 13387 = -3*b, 65*b - 62*b = -f*n + 67025. Is n prime?
False
Let c = -271013 + 434564. Is c a composite number?
True
Suppose 1831 = 4*s + m - 4*m, -2289 = -5*s + 4*m. Suppose -2*i - 2*i + 640 = -5*o, -s = -3*i - 2*o. Is i prime?
False
Let i be 32/(-12)*((-9)/2)/3. Suppose -5*v = -i*v - 151. Suppose -v = 3*n + 3*f - 628, 3*n + f = 485. Is n prime?
True
Suppose 10*l + 140 - 24050 = 0. Is l/5 - (-31)/(-155) prime?
False
Suppose -4*m - 431937 = -s, -4*m - 391113 - 904682 = -3*s. Is s a composite number?
False
Let w = -3127 + -2066. Let t = w - -9754. Is t composite?
False
Let j = 47 - 22. Suppose -30 = -5*o - 2*d + j, -3*o - 5*d = -52. Is (-2)/o + 35/(-18)*-914 composite?
False
Let g(t) = 577*t**3 - 4*t**2 - 6*t + 14. Let j be g(-5). Is (-12)/(-2)*j/(-114) a prime number?
False
Let m be (28 + (5 - 12))*-81. Let j(x) = -135*x**3 - x**2 + x - 1. Let s be j(-3). Let g = s + m. Is g a composite number?
False
Let y be 64/28 - (-12)/(-42). Is (y + (-25615)/(-15))/((-3)/(-9)) a prime number?
False
Let g be (-8)/(-44) - (-86)/11. Let v(u) = 80*u**2 - 8*u + 5. Let b be v(g). Suppose b = 4*y - y. Is y prime?
False
Let o be (-8)/64 - 878/16. Let j be (-1 - -2)*-3*o/15. Is 4395/33 - 2/j composite?
True
Let l(c) = -c**3 + 12*c**2 - 8*c - 5. Suppose -n + 33 = 92. Let u = n + 67. Is l(u) composite?
True
Let u(g) = -418*g**3 + 50*g**2 + 31*g + 88. Is u(-13) a composite number?
True
Let f(n) = n + 5. Let r be f(-2). Suppose 0 = -r*s - 141 + 1539. Is s a composite number?
True
Is 4/1*17/(1224/190062) a composite number?
False
Suppose -5*h + 781326 - 234039 = 2*r, 5*h - 547279 = 6*r. Is h prime?
False
Suppose 0 = 2*s + o - 11916, 2*s + o + 2*o - 11908 = 0. Suppose 8*c - s = 2384. Is c composite?
True
Suppose 89*c = -5306542 + 22168749. Is c prime?
True
Suppose -6*r + 3*r - 9 = 0. Let x(q) = -231 - 128*q - 151*q + 232. Is x(r) a prime number?
False
Suppose -20*s = -82*s + 5853234. Is s prime?
False
Let v = 11269 + -6448. Is v a prime number?
False
Is (-2)/4*(-177977 - (-18)/(-18)) composite?
True
Suppose 5*t + 15 = 0, 5*r - 428271 = -3*t - 81415. Is r composite?
True
Let u(m) = 16*m**2 - 5*m**2 - 8*m - 21 + m**2 + 5*m**2. Is u(-10) composite?
False
Is -2 + -8 - 4 - -9